e 8*l - 879 - x = 0. What is the tens digit of l?
3
Let t(o) = o**2 + 11*o + 23. Let s(y) = y**3 + 2*y**2 - 6*y - 3. Let h be s(-4). Let l be t(h). Suppose l*x - 304 = 19*x. What is the tens digit of x?
7
Let h(f) = 4*f**2 + 37*f - 14. Let q be h(9). Suppose -3*x - 3*v + 188 = -298, 4*x + 5*v = q. What is the hundreds digit of x?
1
Let b be (-3*(-1244)/(-18))/(4/(-30)). Let i = b - 762. What is the units digit of i?
3
Suppose 3*k - 11*k + 3504 = 0. Let x = k + -275. What is the units digit of x?
3
Let y(q) = q**2 + 4*q + 9. Let d(k) = -3*k + 5. Let o be d(-10). Suppose -o = -w - 4*w. What is the units digit of y(w)?
6
Let d(z) = -13*z + 28. Let n(s) = 1 + s - 3*s + 4*s - s. Let t(f) = d(f) + 6*n(f). What is the tens digit of t(0)?
3
Let k(d) = 0*d - 4 + 35*d**2 - 2*d - 70*d**3 - 27*d**3 - 37*d**2. Let f be k(-2). Suppose 4*u = f - 120. What is the units digit of u?
2
Suppose 27*j - 13182 - 2694 = 0. Suppose 3*p - 6 = 0, 112*r - j = 111*r + 2*p. What is the hundreds digit of r?
5
Let n(k) = -321*k - 297. What is the units digit of n(-21)?
4
What is the units digit of -11 - (-2 - (-5 - -7)) - -5513?
6
Let g(t) = 5*t**2. Suppose -3*o = -6, 4*k + 3*o - 4 = -34. Let n be -8 + (-1 - k)/2. What is the tens digit of g(n)?
8
Let j(g) = 21*g**3 - 12*g**2 + 43*g - 397. What is the units digit of j(12)?
9
Suppose 4*w + 44563 = v, 249*w = 3*v + 247*w - 133749. What is the ten thousands digit of v?
4
Suppose 5*x + 15 = 0, 3*x - 294 = -h + 452. Let z = h + 269. What is the thousands digit of z?
1
Suppose 0 = 899*y - 862*y - 1416915. What is the tens digit of y?
9
Suppose -20577 = -2*r + i, 0 = 4*i + 1 + 3. What is the thousands digit of r?
0
Let x = -112 - -114. Suppose -2*r = -2*q + 20, x*q - 3*q = 3*r - 2. Suppose -a - 4*j = -q - 32, -2*j + 174 = 4*a. What is the units digit of a?
4
Let y = -73 - -169. Suppose 3*a - 1231 = -5*d - y, a + d - 381 = 0. What is the hundreds digit of a?
3
Let i be (5*24/20)/((-2)/(-23)). Suppose i*x + 255 = 74*x. What is the tens digit of x?
5
Let a = -7 + -12. Let w = a + 39. Let q = w - -121. What is the hundreds digit of q?
1
Suppose -24*u + 44101 + 37163 = 0. What is the thousands digit of u?
3
Let k(z) = 4*z**2 + 170*z - 29. Let v(l) = 4*l**2 + 168*l - 30. Let p(u) = 3*k(u) - 4*v(u). What is the units digit of p(-34)?
7
Let q = 10710 - 3524. What is the hundreds digit of q?
1
Suppose -t - 9 = -x, -4*t + 6 = -x - 8*t. Suppose 38 = 11*v - x. Suppose v*f = -f + 865. What is the units digit of f?
3
What is the thousands digit of (-460)/322 + (-455628)/(-28)?
6
Let c = -513 - -521. Suppose -2*d = -b - 1882, c = b + 10. What is the hundreds digit of d?
9
Let p(m) = -5*m**3 - 10*m**2 - 5*m + 45. What is the tens digit of p(-5)?
4
Suppose b - 14 = 2*x - 2, -2*x = 5*b - 12. Suppose 4*y = 4*n - 1744, -3 = b*y + 1. What is the units digit of n?
5
Suppose -13*m = -35558 - 126032. What is the hundreds digit of m?
4
Let q = -80893 + 138395. What is the hundreds digit of q?
5
Let f = -809 + 10941. What is the ten thousands digit of f?
1
Let p(z) = -z**2 - 18*z - 37. Let w(v) = -v**2 - 3*v - 5. Let s be w(-5). Let y be p(s). What is the tens digit of (y/(-4) - -3) + 150?
5
Let b = -4525 + 28998. What is the hundreds digit of b?
4
Let m be 1 + 13 - 19/(171/36). What is the units digit of (-4)/m + 2 + (-10585)/(-25)?
5
Let d be (-4)/(21/(-6) + 3). Let w(o) be the second derivative of o**3/3 - o**2/2 + 32*o. What is the units digit of w(d)?
5
Let p be (2 + 7)*1*1/(-3). Let w be (-1904)/18 + 6/(-27). What is the units digit of -1 + (-3 - -1) - (w + p)?
6
Let j(v) = -17 - 5*v**2 - 3*v**3 - 6*v + 4*v**3 + 1. Let h be j(9). Suppose h = 3*q + 4*t, -2*q = -5*q + 5*t + 263. What is the units digit of q?
6
Let a = -5500 + 12895. What is the thousands digit of a?
7
Let n = 50639 - 28849. What is the tens digit of n?
9
Let p be 2*(-4)/16*(-4 + 4). Suppose -16*k - 892 + 7756 = p. What is the hundreds digit of k?
4
Let z(l) = 8*l**3 - 6*l**2 - 8*l + 13. Let d(k) = -9*k**3 + 6*k**2 + 8*k - 14. Let s(m) = -6*d(m) - 7*z(m). What is the tens digit of s(-4)?
8
Suppose 0 = -71*q + 13*q + 47212. What is the hundreds digit of q?
8
What is the tens digit of 32/((-16)/(-4)) - (15 + -3328)?
2
What is the units digit of (-2)/(-3) - (-407)/(-111) - -3284?
1
Let i be 425/7 - 6/(-21). Suppose i*u - 76*u + 3495 = 0. What is the tens digit of u?
3
Let t = -443 + 446. Let w(u) = 26*u**2 - 7*u + 3. What is the tens digit of w(t)?
1
Suppose 20*n + 9*n - 599372 = 388165. What is the hundreds digit of n?
0
Suppose -k - 2 = 46. Let n = 112 + k. What is the tens digit of n?
6
Suppose 4*p - 864 = 17*o - 21*o, -2*o = -6. What is the units digit of p?
3
Suppose 3*z - 609 = 24*a - 27*a, 5*z - 1055 = 5*a. What is the hundreds digit of z?
2
Let l(b) = 434*b**2 + 130*b - 50. What is the hundreds digit of l(-9)?
9
Let t = 14310 + -6344. Suppose -p + 15*p - t = 0. What is the tens digit of p?
6
Suppose 12 + 4 = 4*c. Suppose 261 = -4*l - l + 3*m, 0 = -c*l + 5*m - 214. What is the tens digit of (-3)/(-9)*-3*l?
5
Suppose -53*h = 27*h + 63*h - 1468610. What is the ten thousands digit of h?
1
Suppose 5*q + 2*h - 4*h - 9608 = 0, h + 7684 = 4*q. Suppose 0 = 4*u + 5*z - 2556, -z = 3*u + 2*z - q. What is the units digit of u?
4
Let b(a) = -3*a**3 - a**2 - 37*a - 6. Let q be b(-8). Let h = q + -1080. What is the hundreds digit of h?
6
Let u(c) = -14*c**3 + c**2 - 1. Let g be u(2). Let n = 17 - g. Suppose 0 = -4*r + 3*w + 28 + 450, r - n = 4*w. What is the units digit of r?
8
Suppose 2*o = 4*r - 20948, 5*o - 9 = -19. What is the tens digit of r?
3
Suppose 4*u - 2*s = 12, 4*u + s - 14 - 4 = 0. Suppose 124 = -2*f + u*m, -m - 27 = -5*f - 301. What is the units digit of (186/(-4))/(f/144)?
4
What is the ten thousands digit of ((-47763)/63 - -3)*-14 - -8?
1
Suppose 5*g = 8*g - 6. Suppose l - 344 = -f, -2*f - g*f + 1384 = 2*l. What is the tens digit of f?
4
Suppose 10*v - 15*v + 190117 = 4*a, -a - 190127 = -5*v. What is the hundreds digit of v?
0
Let c(g) = -g**3 - 31*g**2 - 60*g - 32. Let s be c(-29). Suppose s*l = 7*l + 2698. What is the tens digit of l?
4
Let f(a) = -a**2 + 15*a + 14. Let p be f(16). Let b be (2 - -4)*(-1)/p. What is the units digit of 3/2*130/b?
5
Suppose -3*n = 5*y - 15, 6*n - 3*n - 15 = -4*y. Suppose -2*r + 3*t = -943, y = 2*r - 5*t - 496 - 453. What is the tens digit of r?
6
Let l(p) = p**2 + 7*p + 10. Let n be l(-5). Suppose n = -8*b - 35 - 509. Let x = -61 - b. What is the units digit of x?
7
Suppose 0 = 3*f + 1 + 11. Let r(p) = -17*p**2 - 3*p - 10. Let n be r(f). What is the tens digit of (1 - 21/9)/(5/n)?
7
Suppose 4927650 = 65*y + 733*y. What is the units digit of y?
5
Suppose 178 = -5*s + b + 20, 3*s + 106 = -5*b. Let c = s + 35. Suppose -2*f + 37 = -2*t - 171, -2*f + 210 = -c*t. What is the units digit of f?
2
Let m(h) = 2*h**3 + 122*h**2 + 81*h + 500. What is the units digit of m(-50)?
0
Let z = -114 + 111. Let t(o) = o**3 + 18*o**2 - 19*o. Let p be t(-19). What is the units digit of (2 + -1 + p)/(z/(-138))?
6
Let p = 258 - 138. What is the hundreds digit of (-20)/p + 5186/12?
4
Let n be 4 - (-625)/2 - 4/8. What is the hundreds digit of (-32)/24*6/(-4) + n?
3
Let z(n) = -17*n**2 - 158*n - 31. Let u(r) = -34*r**2 - 317*r - 66. Let a(t) = 3*u(t) - 7*z(t). What is the units digit of a(-13)?
7
Let c(a) be the third derivative of a**6/120 + 13*a**5/60 - 19*a**4/24 + 19*a**3/6 - 11*a**2. Let h be c(-14). Let p = -55 + h. What is the tens digit of p?
3
What is the tens digit of (1*(-3)/12)/(1/(-8692))?
7
Let y(j) = j**3 + j**2 - 22968. Let m be y(0). What is the tens digit of (((-30)/(-4))/5)/((-54)/m)?
3
Let j(r) be the third derivative of r**4/24 + 2*r**3 - 15*r**2 - 32*r. Let m be (-6 - -2)/(2/(-4)). What is the tens digit of j(m)?
2
Let s = -62 + 130. Suppose 4*k = t + 60 + 8, s = 4*k - 5*t. Suppose 0 = -2*j + 3*j - k. What is the units digit of j?
7
Let z(v) be the third derivative of v**5/15 + v**4/12 - 2*v**3 - 9*v**2. Suppose -2*o - 2*y + 2 = 0, 3*o + y - 5 - 2 = 0. What is the units digit of z(o)?
0
Let c be ((-35340)/(-100))/((-1)/(-5)). Let k = c + 43. Suppose 0 = 16*i - 6*i - k. What is the hundreds digit of i?
1
Let x(p) = 2*p**2 + 56*p - 10. Let f be x(4). Suppose f*l = 237*l + 9387. What is the tens digit of l?
4
Let m = 7437 + 4636. What is the tens digit o